 d(-1) a composite number?
False
Let b(u) = u**2 + 8*u + 2. Let l be b(-8). Is (148/(2 + 0))/l a prime number?
True
Let k(n) = 2110*n**3 - 6*n**2 + 4*n - 3. Is k(2) a prime number?
False
Suppose -3*z + 8 = 4*i, 4*z + 4*i - 11 + 3 = 0. Suppose -5*u - 12 + 22 = z. Suppose -u*x - 8 = 0, -3*x - 310 = c - 3*c. Is c prime?
True
Is (-2874)/15*25/(-2) a composite number?
True
Suppose -916 = -o + 12*i - 13*i, 3*i = -2*o + 1829. Is o a composite number?
False
Let f = -56774 - -98211. Is f a composite number?
True
Suppose z + 2*o = 4899, -14662 = -3*z + 5*o - 4*o. Is z prime?
True
Let r be 1/(-4) + (-26089)/(-4). Suppose 3*k = j + 4*j + r, 4373 = 2*k + 5*j. Is k prime?
True
Let d(b) = -1435*b + 198. Is d(-17) prime?
True
Suppose -623 = 4*v + 465. Let c = 725 - v. Is c composite?
False
Let a(g) = 19*g**2 - 3*g - 227. Is a(-18) composite?
True
Let s = -4 + 16. Suppose s = 3*u - u. Is (-1 - -396)*u/15 composite?
True
Let h(f) = 9*f**2 + 3*f + 8. Let b(c) = 10*c**2 + 4*c + 9. Let m be ((-8)/3)/((-2)/3). Let w(r) = m*h(r) - 3*b(r). Is w(5) composite?
True
Suppose -3*d + 14 - 2 = 0, 0 = -4*t - 5*d + 8. Is t + (-10)/(-2) + 47 a composite number?
True
Let i = -741 + 355. Let c be (-3 - -1) + (14 - i). Suppose 0 = -2*r + c - 28. Is r composite?
True
Suppose 0 = 5*q + 4*l - l - 226, -4*l + 35 = q. Suppose 12 - q = -5*g. Suppose 163 = -6*m + g*m. Is m prime?
True
Let q = -3 + 7. Suppose q = -4*d + 12. Suppose k + w - 359 = -112, -d*k = 4*w - 486. Is k composite?
False
Let u be (-4)/(-16) + 76/16. Is -1*6/3 + 1325/u composite?
False
Is 2672698/(-203)*(2/(-4) + 0) a composite number?
True
Let l be ((2 - 2) + -4)/(1 + -2). Suppose -l*y - 3176 = -4*f, 2*f - 2358 = -f - 5*y. Is f a prime number?
False
Let t(k) = k**2 - 11*k + 12. Let c be t(10). Suppose b - p - 2741 = -c*p, -5*b = -p - 13705. Is b a composite number?
False
Suppose 3*z = 5*s - 1, 4*s = 24 - 4. Let o(a) = 15*a**2 - 6*a + 7. Is o(z) composite?
False
Let b(l) = -135*l - 28. Is b(-9) a prime number?
True
Let u = -75 + 129. Let h = u - 24. Is -508*(h/(-8))/5 a prime number?
False
Suppose 5*t - 167 = -v, 4*v - 3*t - 548 = t. Suppose -4*l - 46 + v = 0. Suppose -2*m = -62 - l. Is m a composite number?
False
Let f = 34 + -31. Suppose -2115 = -2*c + h, -4*h = c - f*h - 1050. Is c a composite number?
True
Is 32760 + 27 + -28 + 12/(-2) composite?
True
Suppose -3*k + 7087 = -41816. Is k a prime number?
True
Let j = 27 - 44. Let r = 19 + j. Is (199/r)/((-2)/(-4)) a prime number?
True
Suppose u - 2 = -a, -1 = 2*u + 3. Is 3/a + 41/4 a prime number?
True
Let i = 294382 + -206843. Is i a composite number?
False
Suppose 0*x - 12 = -2*x. Let r(u) = 165*u**2 - u - 10. Let z be r(x). Suppose -5*i + i = -z. Is i a prime number?
True
Let y = -389 - -95. Let z = -167 - y. Is z a prime number?
True
Let n = -11 - -13. Is (-2169)/(-4) - 1/8*n composite?
True
Let t(a) = a**3 + 6*a**2 - 7*a - 6. Let c be t(-6). Let u be (c/16)/(3/(-8)). Let n = u - -41. Is n a prime number?
False
Let o = 868 + 531. Is o prime?
True
Let o = -6232 + 18613. Is o a composite number?
True
Let n(p) = 535*p - 223. Is n(42) prime?
True
Suppose 1059 = -5*x + 3*b + 33345, x - 5*b = 6444. Is x a composite number?
True
Let v be (3 - 0) + (8 - 8). Suppose 0*d = -v*d + 117. Suppose d + 55 = u. Is u a composite number?
True
Let d = -9825 + 14572. Is d prime?
False
Let q(n) = -465*n + 1. Let v be q(1). Let h = -213 - v. Is h a composite number?
False
Let v(u) = -2*u + 16. Let l be v(7). Suppose -11 = -o + q - 0, 0 = -l*o - 3*q + 2. Is o composite?
False
Let s(h) = -h**2 - 12*h - 4*h + 7*h. Let j be s(-9). Is (-4 + j)*(-388)/16 composite?
False
Let t = -57 - -60. Is (-7480)/(-10) + t/(-1) composite?
True
Suppose -d = -5*f + 49, 7 + 8 = 2*f - 5*d. Suppose 9*t + 3 = f*t. Suppose -t*q = 542 - 1997. Is q prime?
False
Let t be -15*(4 - (-4047)/(-9)). Suppose -t = 3*v - 8*v. Is v composite?
True
Suppose -5*r + 62270 = 14495. Suppose -4*j + 0*j = 5*d - r, 0 = 4*j + 20. Is d a prime number?
False
Let n be ((-12)/(-42))/(2/14). Suppose 2*w + n*j = 2 + 4, 3*w + j - 7 = 0. Suppose -2*c = -2*a - 110, -w*c = -0*c + 5*a - 110. Is c prime?
False
Let l be (2 + -3 - -3) + 4. Suppose -z = -l*z + 4*y - 88, 2*y + 6 = 0. Is 3/4 + (-10085)/z a prime number?
False
Suppose 0*k - 23445 = -5*k. Suppose 5*x - k = 8*x. Is x/(-6)*(4 + -2) a composite number?
False
Suppose -6*v + 45364 = 16*v. Is v prime?
False
Suppose -5*u + 5303 = -4*u. Is u a prime number?
True
Suppose 35435 = 5*j - 5*x, 0 = -3*j - x + 20353 + 924. Is j composite?
True
Let c = 32399 + -14130. Is c prime?
True
Let o = 79 - 985. Let w = -365 - o. Is w a prime number?
True
Suppose 2294 + 471 = 5*s. Is 0/(-1) + (-2)/(-2)*s a composite number?
True
Suppose 5*y + 42685 = 3*z + 6259, -2*y + 48594 = 4*z. Is z prime?
False
Let g be (-6)/15 + (-6)/10. Is (((-4863)/(-9))/g)/((-3)/9) a composite number?
False
Suppose -6*g + 13756 + 13574 = 0. Is g prime?
False
Let b = -1674 + 2921. Is b a composite number?
True
Let m(q) = 6*q**3 + 5*q**2 + 5*q - 6. Let f be m(6). Suppose -5*a - 55 - f = 0. Let t = a - -438. Is t prime?
True
Let a = 26 + -21. Let y(j) = 4*j**3 - 5*j**2 + 4. Is y(a) composite?
False
Is 3271 - 9/3 - -3 prime?
True
Let d be (-38)/(-5) + 6/15. Suppose 6*g + d = -4. Is 86 + -1 + 4/g composite?
False
Suppose -o + 18 = 2*o. Suppose 4*q = 3*q. Is 3/o*(q + 634) prime?
True
Suppose -18*h - 4*o = -13*h - 120989, 4*h - 96790 = -2*o. Is h a prime number?
True
Suppose -580625 = -26*b + 70857. Is b a composite number?
False
Suppose -2*c = -4*c + 2. Suppose 0 = -4*m + 3 + c. Let h(z) = 156*z**3 + z**2. Is h(m) a composite number?
False
Suppose -10 = j + 3*w, -3*j - w - 2*w = 0. Suppose 3*g = -2*h + 1299 + 1574, 0 = -j*g + 2*h + 4799. Is g a composite number?
True
Suppose -2*p - 5*k - 20 = 0, 0 + 11 = -3*p + 2*k. Is (83 - 0) + p/(20/16) prime?
True
Suppose -n - 20 = 2*q + 3*q, -3*q = -4*n - 11. Let w(t) = 15*t**2 + t + 15. Let a(r) = -5*r**2 - 5. Let j(g) = 8*a(g) + 3*w(g). Is j(n) a prime number?
False
Suppose c - 5*c - w + 725 = 0, -5 = -5*w. Suppose c = 2*z - 241. Is z a composite number?
False
Let p be ((-171)/9)/(-1 + 4/5). Let s = p - 8. Is s a composite number?
True
Suppose 474 = 2*a - 30. Let z be (-603)/(-1) - (-2 - 0). Let n = z - a. Is n prime?
True
Let l(s) = 66*s**2 - 12*s - 37. Is l(25) a composite number?
True
Let j(o) = 11*o - 16. Let w = -29 - -38. Is j(w) a composite number?
False
Let d = -123 + 208. Is d composite?
True
Suppose 5*a = 4*t + 252, 0 = -2*a + 3*t - 17 + 122. Let l = a + 283. Is l composite?
False
Let f = 3811 + -1794. Is f a prime number?
True
Let g(i) = -i**3 - 15*i**2 + 8*i + 11. Is g(-22) composite?
True
Suppose 5*f + 142359 = 8*f. Is f a prime number?
False
Let p(d) be the first derivative of -d**4/2 - 8*d**3/3 + d**2/2 + 12*d - 4. Is p(-9) a composite number?
True
Suppose -4*h - 50 = -14*h. Suppose 5*x + 0*x + h*a - 4300 = 0, 5*x + 2*a - 4297 = 0. Is x a prime number?
True
Let h be (-2)/(-7) - 654/(-14). Let l = h - 36. Is l prime?
True
Is 3261/((-5)/5 + 4) prime?
True
Suppose -8 = -4*q + 12. Suppose -j - 277 = q*p + 174, -j = 2*p + 457. Let b = -283 - j. Is b composite?
True
Let h = 4 + -2. Suppose 0 = -3*k + h*p + 723, 2*k - p + 137 = 618. Is k a composite number?
False
Let i = 8 + -11. Let u be -6*(1 + (-5 - i)). Suppose 0 = v - u*v + 2035. Is v composite?
True
Suppose 27*y - 24791 = 4558. Is y a composite number?
False
Let c = 23 - 20. Suppose 2*g - 3*g + 31 = -c*d, 5*g + 5 = -d. Is 348/10 + (-2)/d a prime number?
False
Suppose 4*j + 5 = 5*j. Suppose 0 = -f - 5*c + 248, -3*c + 1262 = j*f - 0*f. Is f a prime number?
False
Suppose 5*n + 8 = -2, -a = 3*n - 1221. Let f = -490 + a. Is f prime?
False
Suppose -4*l + 8*l + 360 = 0. Let p = l + 145. Is p prime?
False
Suppose 2*y - 10952 = -4*k + 1656, -2*k + y + 6300 = 0. Is k a prime number?
False
Let m(a) = 554*a**2 - 13*a - 14. Is m(-5) a prime number?
True
Let b = -1435 + 963. Let g = b + 1275. Let u = g - -98. Is u a prime number?
False
Suppose 2*t + 1 = 3*g - 10, -g = -1. Let f be 1/(t/(-3) - 1). Is (-74)/(-2) - -3 - f prime?
True
Suppose -4*q - 5808 = 5*b, -b - 4*b = 5*q + 7265. Let s = -534 - q. Is s composite?
True
Suppose 176 = -5*f + 8891. Suppose 3*i - 3*m = f, -m - 238 + 2587 = 4*i. Suppose -2*s + 4*s = i. Is s a prime number?
True
Suppose 